
32
Let y(z) = -10*z**2 + 215*z + 92. Determine y(22).
-18
Let f(y) = y**3 - 26*y**2 + 1471*y - 34145. Give f(24).
7
Let o(q) = 2*q**2 - 9*q - 134. Calculate o(11).
9
Let d(b) = 40*b - 166. Determine d(5).
34
Let q(t) = t**3 - 225*t**2 - 2101*t + 40. Give q(-9).
-5
Let b(d) = 189*d - 17748. Determine b(94).
18
Let s(i) = 37*i - 228. What is s(4)?
-80
Let a(j) = -5*j**2 - 3*j - 18. Give a(-6).
-180
Let v(i) = 62*i + 51. Calculate v(3).
237
Let z(a) = a**3 - a**2 - 18*a - 51. Calculate z(-6).
-195
Let h(z) = 15*z + 42. Determine h(-8).
-78
Let u(i) = 2*i**3 + 8*i**2 - 6*i + 10. Give u(-5).
-10
Let n(m) = m**3 + 13*m**2 + 17*m - 35. Calculate n(-11).
20
Let l(a) = -232*a - 1312. What is l(-6)?
80
Let s(b) = -17*b + 132. Determine s(4).
64
Let w(o) = -2*o**2 + 160*o + 668. What is w(84)?
-4
Let k(n) = -69*n - 1345. Calculate k(-11).
-586
Let a(n) = 1626*n + 3283. Determine a(-2).
31
Let i(n) = -3*n**2 + 76*n - 264. What is i(4)?
-8
Let r(j) = j**3 - 57*j**2 + 150*j - 12069. Calculate r(58).
-5
Let p(f) = 64*f**2 + 9*f - 26. Determine p(2).
248
Let o(z) = -2*z**3 - 229*z**2 - 117*z - 325. Determine o(-114).
17
Let k(t) = -t**2 + 13*t + 2. Determine k(6).
44
Let b(f) = -115*f + 298. Determine b(3).
-47
Let r(z) = -476*z - 2878. Calculate r(-6).
-22
Let k(a) = -3*a**2 - 19*a - 38. Give k(-10).
-148
Let o(u) = -3*u**2 + 69*u + 124. What is o(27)?
-200
Let a(o) = 5*o**2 - 104*o + 402. Calculate a(5).
7
Let q(u) = -u**3 - 3*u**2 + 16*u + 7. What is q(-8)?
199
Let w(s) = -423*s - 10586. What is w(-25)?
-11
Let u(y) = -1215*y + 21866. Determine u(18).
-4
Let t(d) = 182*d + 576. Give t(-3).
30
Let k(w) = -2*w**3 + 10*w**2 - 11*w + 31. Give k(5).
-24
Let z(i) = 51*i**2 + 17*i. Give z(-1).
34
Let f(v) = -v**2 + 34*v + 313. Give f(-8).
-23
Let z(n) = -n**2 + 3*n + 1500. Determine z(37).
242
Let t(i) = -433*i - 224. Determine t(0).
-224
Let s(h) = 480*h - 16793. Give s(35).
7
Let q(g) = -g**3 + 162*g**2 + 334*g - 999. Determine q(164).
-15
Let l(d) = d**2 - 122*d - 6618. Give l(163).
65
Let n(v) = 11*v**3 + 3*v**2 + 3*v + 9. Determine n(-3).
-270
Let u(c) = 3*c**2 + 17*c - 94. Calculate u(11).
456
Let k(z) = z**3 - 34*z**2 + 271*z + 38. Determine k(21).
-4
Let r(l) = 25*l + 487. Give r(-19).
12
Let x(w) = -w**3 + w**2 - 15*w + 66. What is x(3)?
3
Let x(h) = -h**3 - 14*h**2 - 25*h - 6. Determine x(-10).
-156
Let p(q) = -224*q + 1340. What is p(6)?
-4
Let c(f) = f**3 + 98*f**2 - 1813*f + 1257. Calculate c(-114).
3
Let t(u) = -88*u**3 - 2*u**2 - 13*u - 9. Calculate t(-1).
90
Let q(t) = -2*t**3 - 11*t**2 + 10*t + 4. What is q(-6)?
-20
Let l(y) = -y**3 - 24*y**2 + 118*y + 1693. Give l(-26).
-23
Let z(x) = 14*x + 979. What is z(-70)?
-1
Let b(a) = -5*a - 125. Determine b(-24).
-5
Let i(c) = c**3 - 45*c**2 - 22*c - 1102. Give i(46).
2
Let x(g) = 4*g**2 - 122*g - 468. Calculate x(34).
8
Let x(v) = -2502*v + 195153. What is x(78)?
-3
Let g(w) = 19*w**2 + 570*w + 1. What is g(-30)?
1
Let f(z) = 8*z**2 + 43*z + 276. Calculate f(-5).
261
Let f(o) = 66*o + 207. Calculate f(-4).
-57
Let i(m) = 2*m**2 - 18*m + 69. Calculate i(6).
33
Let f(d) = -52*d - 9. What is f(3)?
-165
Let q(m) = m**2 + 12*m + 36. Calculate q(-8).
4
Let g(f) = 88*f - 5. What is g(4)?
347
Let y(c) = 29*c**2 + 66*c. Determine y(-2).
-16
Let w(d) = 3*d**3 - 53*d**2 - 365*d - 61. Calculate w(23).
8
Let m(j) = -41*j + 4549. Determine m(111).
-2
Let l(b) = -b**2 + 55*b + 5. Give l(0).
5
Let s(l) = 2*l**2 + 42*l + 136. Determine s(-4).
0
Let x(g) = 35*g**3 - 2*g**2 - 22*g + 55. Calculate x(3).
916
Let z(l) = l**3 - 13*l**2 + 10*l + 125. Calculate z(12).
101
Let f(p) = p**3 - 28*p**2 + 123*p - 46. Determine f(5).
-6
Let u(k) = -k**2 + 127*k - 626. Determine u(5).
-16
Let o(d) = 109*d + 1422. Calculate o(-13).
5
Let l(x) = -8*x**3 + 997*x**2 + 377*x - 270. What is l(125)?
-20
Let b(y) = -789*y - 2362. Give b(-3).
5
Let i(m) = -m**3 + 7*m**2 + 253*m - 2. Determine i(0).
-2
Let g(q) = 131*q + 1975. Give g(-15).
10
Let s(d) = d**2 - 5070*d - 60978. Calculate s(-12).
6
Let c(k) = -2*k**3 + 221*k**2 - 362*k + 3813. Calculate c(109).
-2
Let n(p) = 4*p**2 + 408*p - 10. Determine n(-102).
-10
Let x(w) = w**3 - 162*w**2 + 481*w - 660. Give x(159).
-24
Let w(b) = 24*b**3 + 5*b**2 + 8*b. Give w(-2).
-188
Let f(t) = -4*t + 97. Give f(24).
1
Let h(q) = -2310*q + 18490. Determine h(8).
10
Let p(y) = 2*y**3 - 23*y**2 + 5*y - 161. What is p(12)?
43
Let d(x) = -x**2 + 20*x + 36. Calculate d(17).
87
Let o(r) = 2186*r + 10928. Calculate o(-5).
-2
Let k(l) = 60*l + 3890. What is k(-66)?
-70
Let d(v) = -3*v**2 - 100*v - 124. Calculate d(-32).
4
Let r(j) = -21*j**2 + 18*j + 54. Calculate r(-5).
-561
Let z(l) = 7*l - 162. What is z(-17)?
-281
Let f(n) = -212*n + 5295. Determine f(25).
-5
Let v(m) = -236*m - 4960. Calculate v(-21).
-4
Let o(p) = 583*p - 13402. Calculate o(23).
7
Let h(a) = -a**3 + 72*a**2 - 213*a + 318. What is h(69)?
-96
Let b(f) = 3*f - 104. Give b(27).
-23
Let c(w) = 1337*w - 81559. Calculate c(61).
-2
Let s(y) = y**3 - 25*y**2 + 57*y + 185. Calculate s(22).
-13
Let m(n) = 3*n**3 - 38*n**2 + 6*n - 94. Give m(10).
-834
Let h(x) = -x**2 - 343*x - 10775. Give h(-35).
5
Let q(l) = -l**2 - 47*l + 4441. Determine q(-94).
23
Let m(a) = -54*a - 964. What is m(-14)?
-208
Let s(h) = 3344*h - 33441. Give s(10).
-1
Let g(n) = -32*n + 963. Give g(29).
35
Let p(i) = 47*i + 1132. Give p(-24).
4
Let c(m) = -54*m + 763. Determine c(14).
7
Let g(b) = 2*b**3 - 4*b**2 + 16*b - 119. Determine g(5).
111
Let w(p) = -22*p + 472. Determine w(21).
10
Let z(m) = -5*m**3 + 11*m**2 - 13*m + 26. Calculate z(4).
-170
Let g(q) = 11*q**2 - 215*q + 114. Give g(19).
0
Let a(r) = -r**2 + 120*r + 3062. Calculate a(-22).
-62
Let q(w) = -2572*w + 43706. Determine q(17).
-18
Let y(j) = 3*j**2 - 178*j + 810. Calculate y(5).
-5
Let v(b) = 2*b**2 - 10*b + 42. Give v(7).
70
Let h(s) = s**3 + 69*s**2 + 125*s + 3933. Calculate h(-68).
57
Let i(x) = x**3 + 30*x**2 - 17*x. Give i(-31).
-434
Let j(f) = 20*f**2 + 2*f - 3. Give j(1).
19
Let d(z) = -426*z - 3189. Give d(-6).
-633
Let b(y) = y**3 - 17*y**2 - 41*y + 184. What is b(19)?
127
Let y(n) = n**3 + 42*n**2 + 65*n + 952. What is y(-41)?
-32
Let g(d) = d**2 + 187*d - 5068. Calculate g(-211).
-4
Let j(i) = 3*i**2 - 21*i - 10. What is j(8)?
14
Let h(j) = 3*j + 13. What is h(15)?
58
Let i(c) = c**3 + 20*c**2 + 65*c + 545. Determine i(-18).
23
Let j(h) = -h**2 + 35*h - 85. Determine j(35).
-85
Let h(w) = -w**3 - 94*w**2 - 90*w + 194. Calculate h(-93).
-85
Let c(s) = s**2 + 65*s + 911. What is c(-30)?
-139
Let r(h) = h**2 + 2*h + 135. Give r(0).
135
Let w(f) = -f**3 - 3*f**2 + 9*f + 25. What is w(-4)?
5
Let q(l) = -l**3 + 9*l**2 + 38*l + 34. Calculate q(12).
58
Let d(r) = 4*r**3 - 8*r**2 + 7. Determine d(-1).
-5
Let p(i) = -23*i**3 - 2*i**2 + 4. Give p(-2).
180
Let u(j) = 137*j + 912. Determine u(-2).
638
Let h(q) = 460*q + 1520. What is h(-3)?
140
Let z(h) = -9*h**3 - 304*h**2 + 71*h + 95. What is z(-34)?
-7
Let v(t) = 4*t**2 + 414*t + 591. Calculate v(-102).
-21
Let q(l) = 2812*l - 2852. What is q(1)?
-40
Let o(x) = -146*x - 401. What is o(7)?
-1423
Let m(o) = 10*o**2 + 30*o - 12. Determine m(-3).
-12
Let x(b) = -229*b**2 - 461*b. Determine x(-2).
6
Let d(q) = 38867*q - 116595. What is d(3)?
6
Let r(w) = -w**2 + 19*w + 9. Determine r(15).
69
Let n(r) = 78*r - 1018. Calculate n(14).
74
Let r(q) = 3*q**3 + q**2 + 2*q - 12. What is r(2)?
20
Let r(q) = -470*q - 6. Calculate r(0).
-6
Let t(y) = 53*y + 3716. Give t(-70).
6
Let o(z) = 4*z**3 + z**2 - 58*z. Calculate o(0).
0
Let u(v) = -12*v - 17. What is u(4)?
-65
Let i(f) = -f**2 - 96*f - 633. Give i(-7).
-10
Let l(a) = -a**3 + 22*a**2 + 112*a + 9. Give l(-4).
-23
Let h(u) = -u**2 - 9464*u + 47339. What is h(5)?
-6
Let h(v) = 2*v**3 + 10*v**2 - 26*v - 129. Calculate h(-4).
7
Let q(f) = -f**3 - 18*f**2 - 26*f + 33. Give q(-16).
-63
Let u(s) = -9*s - 692. Determine u(-78).
10
Let z(a) = 42*a + 256. What is z(-6)?
4
Let l(r) = -3*r**3 + 36*r**2 - 17*r + 106. Calculate l(12).
-98
Let j(s) = -s**2 + 6*s + 295. What is j(-17)?
-96
Let p(v) = -v**3 + 10*v**2 + 76*v + 16. Give p(-5).
11
Let g(y) = y**2 - 26*y + 25. What is g(9)?
-128
Let d(u) = 2*u**3 + 477*u**2 - 2187*u - 1. Determine d(-243).
-1
Let o(a) = -a**3 + 11*a**2 - 26*a + 40. Determine o(3).
34
Let t(z) = -23*z**2